vert -3 (base 11) to base 2.
-11
21 (base 5) to base 14
b
-c (base 13) to base 4
-30
What is 24 (base 7) in base 3?
200
What is -13 (base 8) in base 11?
-10
What is 27 (base 10) in base 7?
36
-9 (base 12) to base 8
-11
5 (base 8) to base 7
5
What is -33 (base 9) in base 4?
-132
What is 12 (base 5) in base 14?
7
Convert -277 (base 9) to base 10.
-232
Convert 6 (base 11) to base 10.
6
What is 201 (base 6) in base 4?
1021
0 (base 5) to base 10
0
297 (base 12) to base 8
623
What is -13 (base 7) in base 11?
-a
What is 5 (base 8) in base 13?
5
What is -1 (base 10) in base 13?
-1
What is -14 (base 11) in base 16?
-f
Convert -11 (base 5) to base 11.
-6
Convert 0 (base 13) to base 16.
0
What is 1124 (base 6) in base 3?
100221
6 (base 9) to base 5
11
Convert 5 (base 9) to base 5.
10
What is -2 (base 6) in base 16?
-2
121 (base 3) to base 6
24
Convert -3 (base 6) to base 2.
-11
Convert 33 (base 15) to base 13.
39
-5 (base 13) to base 3
-12
11 (base 2) to base 11
3
-100100011 (base 2) to base 8
-443
Convert 6 (base 14) to base 13.
6
Convert -33 (base 6) to base 15.
-16
What is 24 (base 7) in base 11?
17
0 (base 10) to base 3
0
-19b (base 14) to base 10
-333
What is 204 (base 8) in base 11?
110
Convert -11 (base 4) to base 2.
-101
What is 11 (base 5) in base 9?
6
Convert 170 (base 11) to base 5.
1243
-3c (base 16) to base 15
-40
-21220 (base 3) to base 16
-d5
1000000 (base 2) to base 5
224
Convert 1000 (base 3) to base 7.
36
Convert 4 (base 13) to base 10.
4
-16 (base 8) to base 4
-32
What is -67 (base 10) in base 8?
-103
What is -11 (base 2) in base 3?
-10
Convert 4 (base 14) to base 9.
4
What is 28 (base 9) in base 8?
32
What is 6 (base 13) in base 7?
6
What is 2 (base 4) in base 9?
2
-14 (base 8) to base 14
-c
1000000 (base 2) to base 3
2101
Convert -35 (base 8) to base 12.
-25
What is -1 (base 15) in base 5?
-1
What is 13 (base 12) in base 2?
1111
Convert 21 (base 5) to base 8.
13
What is 2 (base 3) in base 16?
2
What is 6 (base 14) in base 13?
6
302 (base 6) to base 16
6e
What is 2 (base 8) in base 6?
2
Convert 10 (base 5) to base 14.
5
0 (base 9) to base 6
0
-17 (base 11) to base 2
-10010
Convert 7 (base 13) to base 7.
10
Convert 10 (base 12) to base 2.
1100
-22 (base 9) to base 11
-19
What is 340 (base 6) in base 9?
156
-c6 (base 13) to base 6
-430
What is -11000111 (base 2) in base 11?
-171
Convert 17 (base 11) to base 9.
20
-1100 (base 2) to base 4
-30
11 (base 3) to base 8
4
Convert -31 (base 9) to base 4.
-130
-56 (base 15) to base 11
-74
What is 3020 (base 4) in base 11?
172
What is -10 (base 3) in base 9?
-3
359 (base 10) to base 2
101100111
7 (base 8) to base 14
7
Convert -200 (base 3) to base 10.
-18
211 (base 3) to base 15
17
What is -13 (base 4) in base 13?
-7
What is 3c (base 14) in base 15?
39
-35 (base 11) to base 3
-1102
Convert -2 (base 8) to base 3.
-2
What is 11000 (base 2) in base 16?
18
-5 (base 9) to base 5
-10
Convert -11 (base 15) to base 12.
-14
What is -131 (base 12) in base 5?
-1211
What is 3 (base 9) in base 14?
3
2 (base 11) to base 2
10
What is 17 (base 14) in base 15?
16
Convert 10 (base 7) to base 11.
7
Convert -75 (base 10) to base 3.
-2210
Convert -21100 (base 3) to base 6.
-530
What is -6 (base 10) in base 11?
-6
What is -2 (base 3) in base 9?
-2
Convert -2 (base 8) to base 6.
-2
-10 (base 4) to base 16
-4
Convert 103 (base 5) to base 9.
31
What is -2 (base 10) in base 6?
-2
What is 4 (base 12) in base 13?
4
Convert -3 (base 13) to base 6.
-3
0 (base 13) to base 4
0
Convert 0 (base 8) to base 10.
0
82 (base 10) to base 9
101
Convert -1003 (base 4) to base 3.
-2111
What is 16 (base 16) in base 11?
20
-16 (base 13) to base 14
-15
Convert 11 (base 4) to base 9.
5
-100 (base 2) to base 6
-4
What is 0 (base 5) in base 6?
0
What is 1 (base 5) in base 8?
1
Convert 0 (base 5) to base 10.
0
What is 8 (base 13) in base 15?
8
Convert 40 (base 16) to base 4.
1000
What is 9 (base 16) in base 3?
100
What is 11 (base 8) in base 3?
100
What is c (base 15) in base 3?
110
What is -14 (base 13) in base 9?
-18
What is -1a (base 13) in base 10?
-23
-101000 (base 2) to base 16
-28
Convert -21 (base 12) to base 3.
-221
Convert a (base 12) to base 9.
11
3 (base 7) to base 9
3
What is 4 (base 7) in base 8?
4
-110001 (base 2) to base 10
-49
What is 5 (base 9) in base 8?
5
What is 1 (base 6) in base 2?
1
0 (base 6) to base 14
0
What is -265 (base 7) in base 10?
-145
-1d (base 16) to base 15
-1e
21 (base 16) to base 15
23
212 (base 7) to base 9
128
What is 34 (base 8) in base 5?
103
Convert -1 (base 14) to base 15.
-1
-406 (base 7) to base 3
-21111
Convert -34 (base 10) to base 11.
-31
10 (base 3) to base 11
3
Convert -8 (base 9) to base 16.
-8
What is 269 (base 10) in base 5?
2034
6 (base 13) to base 8
6
-a5 (base 12) to base 6
-325
Convert -1b (base 13) to base 3.
-220
1 (base 9) to base 8
1
10233 (base 4) to base 5
2203
Convert 1000 (base 2) to base 14.
8
204 (base 6) to base 11
6a
What is 306 (base 7) in base 8?
231
What is 1c (base 15) in base 13?
21
-2 (base 7) to base 11
-2
What is -5 (base 15) in base 16?
-5
-3 (base 5) to base 14
-3
Convert 7 (base 14) to base 6.
11
What is -8 (base 14) in base 6?
-12
What is -110100 (base 2) in base 13?
-40
What is 7 (base 9) in base 8?
7
What is 5 (base 6) in base 2?
101
What is -1 (base 12) in base 5?
-1
What is 27 (base 16) in base 2?
100111
Convert 2 (base 10) to base 8.
2
What is -101 (base 4) in base 11?
-16
Convert 3 (base 15) to base 2.
11
Convert -141 (base 5) to base 4.
-232
-520 (base 6) to base 11
-165
11111 (base 2) to base 8
37
-31 (base 4) to base 6
-21
What is 1 (base 7) in base 14?
1
113 (base 4) to base 12
1b
-17 (base 9) to base 14
-12
Convert 2d (base 15) to base 14.
31
3 (base 10) to base 3
10
Convert -b (base 16) to base 13.
-b
-13 (base 9) to base 10
-12
Convert -1 (base 16) to base 5.
-1
What is 3a (base 15) in base 7?
106
-10 (base 13) to base 5
-23
0 (base 6) to base 10
0
0 (base 12) to base 16
0
-21 (base 3) to base 11
-7
What is 9 (base 13) in base 7?
12
What is -19 (base 12) in base 15?
-16
Convert a (base 12) to base 5.
20
Convert -10 (base 8) to base 12.
-8
What is -12 (base 7) in base 3?
-100
What is 103 (base 4) in base 16?
13
What is -3 (base 12) in base 9?
-3
What is 20102 (base 3) in base 4?
2231
What is 15 (base 14) in base 12?
17
Convert 30 (base 8) to base 9.
26
What is -113 (base 5) in base 7?
-45
Convert -7 (base 10) to base 6.
-11
19b (base 12) to base 16
107
-3 (base 4) to base 10
-3
Convert 2 (base 9) to base 8.
2
Convert -11 (base 14) to base 13.
-12
Convert 7 (base 15) to base 4.
13
What is -1100001 (base 2) in base 15?
-67
What is 2 (base 15) in base 6?
2
What is -23 (base 9) in base 11?
-1a
What is -27 (base 15) in base 9?
-41
What is -4 (base 12) in base 11?
-4
Convert -1 (base 12) to base 16.
-1
What is -17 (base 8) in base 13?
-12
-39 (base 15) to base 5
-204
-9 (base 13) to base 6
-13
What is 285 (base 9) in base 8?
357
What is -51 (base 10) in base 12?
-43
37 (base 11) to base 2
101000
What is 217 (base 13) in base 14?
1b8
-34 (base 6) to base 8
-26
-7 (base 9) to base 5
-12
3d (base 16) to base 10
61
-8 (base 16) to base 12
-8
Convert -1 (base 4) to base 7.
-1
What is -11113 (base 4) in base 2?
-101010111
Convert -4 (base 12) to base 14.
-4
-30 (base 11) to base 14
-25
Convert 22 (base 6) to base 9.
15
Convert -c (base 13) to base 7.
-15
What is -11 (base 2) in base 5?
-3
Convert -46 (base 8) to base 9.
-42
What is -76 (base 10) in base 6?
-204
Convert -97 (base 10) to base 2.
-1100001
What is 332 (base 9) in base 11?
228
What is 64 (base 11) in base 14?
50
What is -6 (base 12) in base 4?
-12
What is -236 (base 8) in base 10?
-158
-41 (base 7) to base 13
-23
-35 (base 7) to base 12
-22
100101100 (base 2) to base 4
10230
Convert 21 (base 10) to base 4.
111
Convert 61 (base 16) to base 14.
6d
Convert 46 (base 13) to base 12.
4a
Convert -12120 (base 3) to base 5.
-1100
What is 1120 (base 3) in base 16?
2a
What is 4 (base 5) in base 11?
4
What is -51 (base 8) in base 3?
-1112
Convert -33 (base 7) to base 9.
-26
-42 (base 6) to base 11
-24
-3 (base 7) to base 14
-3
What is -110 (base 2) in base 14?
-6
4 (base 14) to base 10
4
Convert -74 (base 8) to base 16.
-3c
11 (base 11) to base 15
c
41 (base 12) to base 6
121
What is -3d (base 15) in base 11?
